ided by 7694?
145
Calculate the remainder when 1634 is divided by 8.
2
What is the remainder when 41406 is divided by 10?
6
What is the remainder when 18280 is divided by 272?
56
Calculate the remainder when 9393 is divided by 3053.
234
What is the remainder when 87110 is divided by 12444?
2
What is the remainder when 323686 is divided by 323631?
55
What is the remainder when 263084 is divided by 933?
911
What is the remainder when 74876 is divided by 24948?
32
What is the remainder when 2432 is divided by 46?
40
Calculate the remainder when 3737 is divided by 1862.
13
What is the remainder when 151710 is divided by 32?
30
What is the remainder when 264845 is divided by 264842?
3
Calculate the remainder when 164 is divided by 123.
41
What is the remainder when 1134 is divided by 19?
13
What is the remainder when 2893 is divided by 205?
23
What is the remainder when 24636 is divided by 7807?
1215
Calculate the remainder when 5481631 is divided by 17.
15
What is the remainder when 20686 is divided by 141?
100
Calculate the remainder when 2206 is divided by 2177.
29
What is the remainder when 4615 is divided by 2100?
415
Calculate the remainder when 9896 is divided by 9870.
26
What is the remainder when 17122 is divided by 40?
2
What is the remainder when 1141 is divided by 42?
7
What is the remainder when 1701 is divided by 563?
12
What is the remainder when 10656 is divided by 169?
9
Calculate the remainder when 17365 is divided by 605.
425
Calculate the remainder when 283 is divided by 110.
63
Calculate the remainder when 16632 is divided by 1279.
5
Calculate the remainder when 120191 is divided by 203.
15
Calculate the remainder when 10446 is divided by 166.
154
Calculate the remainder when 61934 is divided by 118.
102
Calculate the remainder when 420837 is divided by 11373.
36
Calculate the remainder when 55119 is divided by 125.
119
Calculate the remainder when 2395 is divided by 184.
3
Calculate the remainder when 4895104 is divided by 3.
1
What is the remainder when 44779 is divided by 78?
7
What is the remainder when 686278 is divided by 172?
170
Calculate the remainder when 754743 is divided by 77.
66
What is the remainder when 22359 is divided by 59?
57
Calculate the remainder when 5306971 is divided by 989.
986
Calculate the remainder when 11008 is divided by 3517.
457
What is the remainder when 52556 is divided by 13131?
32
Calculate the remainder when 253336 is divided by 273.
265
Calculate the remainder when 697403 is divided by 272.
267
Calculate the remainder when 470 is divided by 148.
26
What is the remainder when 12557 is divided by 255?
62
What is the remainder when 120869 is divided by 114?
29
What is the remainder when 338135 is divided by 530?
525
What is the remainder when 127182 is divided by 12715?
32
What is the remainder when 12800 is divided by 173?
171
What is the remainder when 194689 is divided by 73?
71
Calculate the remainder when 9207 is divided by 66.
33
Calculate the remainder when 34436 is divided by 458.
86
Calculate the remainder when 1070858 is divided by 11.
8
What is the remainder when 26363 is divided by 471?
458
What is the remainder when 10776 is divided by 117?
12
What is the remainder when 461679 is divided by 12?
3
What is the remainder when 69557 is divided by 131?
127
What is the remainder when 51596 is divided by 374?
358
Calculate the remainder when 569762 is divided by 531.
530
What is the remainder when 9887 is divided by 553?
486
What is the remainder when 138352 is divided by 418?
412
What is the remainder when 17511 is divided by 5813?
72
What is the remainder when 1021196 is divided by 345?
341
Calculate the remainder when 661281 is divided by 165314.
25
Calculate the remainder when 194999 is divided by 195.
194
What is the remainder when 4884 is divided by 697?
5
What is the remainder when 20992 is divided by 411?
31
Calculate the remainder when 36995 is divided by 11803.
1586
Calculate the remainder when 9123 is divided by 9054.
69
What is the remainder when 431777 is divided by 431762?
15
Calculate the remainder when 16132 is divided by 1075.
7
What is the remainder when 131217 is divided by 17?
11
Calculate the remainder when 444809 is divided by 18.
11
Calculate the remainder when 457706 is divided by 206.
180
What is the remainder when 34674 is divided by 60?
54
What is the remainder when 4422 is divided by 5?
2
Calculate the remainder when 903 is divided by 192.
135
Calculate the remainder when 1529 is divided by 1192.
337
What is the remainder when 4673 is divided by 1151?
69
What is the remainder when 400 is divided by 86?
56
Calculate the remainder when 84386 is divided by 291.
287
Calculate the remainder when 774 is divided by 112.
102
What is the remainder when 19454 is divided by 9615?
224
Calculate the remainder when 44925 is divided by 95.
85
What is the remainder when 3377 is divided by 592?
417
What is the remainder when 23919 is divided by 27?
24
Calculate the remainder when 33429 is divided by 809.
260
Calculate the remainder when 57505 is divided by 553.
546
Calculate the remainder when 86552 is divided by 183.
176
What is the remainder when 178 is divided by 17?
8
Calculate the remainder when 43767 is divided by 37.
33
What is the remainder when 1372 is divided by 1018?
354
What is the remainder when 387651 is divided by 103?
62
Calculate the remainder when 16561 is divided by 178.
7
Calculate the remainder when 2236 is divided by 165.
91
What is the remainder when 1975 is divided by 96?
55
Calculate the remainder when 16678 is divided by 278.
276
What is the remainder when 30911 is divided by 56?
55
What is the remainder when 4749062 is divided by 13?
6
What is the remainder when 162736 is divided by 861?
7
Calculate the remainder when 4349 is divided by 1086.
5
What is the remainder when 122631 is divided by 8?
7
What is the remainder when 449200 is divided by 28?
24
What is the remainder when 1026938 is divided by 294?
290
What is the remainder when 86215 is divided by 87?
85
What is the remainder when 3840 is divided by 557?
498
What is the remainder when 178504 is divided by 12750?
4
Calculate the remainder when 1640 is divided by 214.
142
What is the remainder when 1023 is divided by 54?
51
What is the remainder when 1833 is divided by 533?
234
Calculate the remainder when 17695 is divided by 31.
25
Calculate the remainder when 2590213 is divided by 59.
54
Calculate the remainder when 15656 is divided by 1726.
122
Calculate the remainder when 2189 is divided by 310.
19
What is the remainder when 4081 is divided by 36?
13
Calculate the remainder when 612 is divided by 121.
7
Calculate the remainder when 49227 is divided by 397.
396
Calculate the remainder when 16945 is divided by 1745.
1240
Calculate the remainder when 10009368 is divided by 1610.
1608
What is the remainder when 6384 is divided by 262?
96
Calculate the remainder when 8807 is divided by 1467.
5
Calculate the remainder when 162185 is divided by 169.
114
What is the remainder when 192467 is divided by 96213?
41
What is the remainder when 98739 is divided by 8228?
3
What is the remainder when 23563 is divided by 1417?
891
Calculate the remainder when 7598333 is divided by 16.
13
What is the remainder when 17241 is divided by 8464?
313
What is the remainder when 187284 is divided by 35?
34
What is the remainder when 4116 is divided by 2022?
72
Calculate the remainder when 11901 is divided by 5772.
357
What is the remainder when 5813 is divided by 77?
38
What is the remainder when 296063 is divided by 42289?
40
Calculate the remainder when 4998 is divided by 1091.
634
What is the remainder when 514017 is divided by 314?
313
Calculate the remainder when 9531093 is divided by 2638.
2637
Calculate the remainder when 57880 is divided by 277.
264
Calculate the remainder when 5503 is divided by 54.
49
What is the remainder when 23644 is divided by 3720?
1324
Calculate the remainder when 2284 is divided by 57.
4
What is the remainder when 943 is divided by 37?
18
What is the remainder when 10709 is divided by 1335?
29
What is the remainder when 16513 is divided by 23?
22
Calculate the remainder when 71516 is divided by 1.
0
Calculate the remainder when 8149 is divided by 272.
261
Calculate the remainder